{"version":"1.0","provider_name":"TARDECIT.COM","provider_url":"https:\/\/dudasytextos.com\/finanzas","author_name":"Mar\u00eda Garc\u00eda Mart\u00ednez","author_url":"https:\/\/dudasytextos.com\/finanzas\/author\/tech\/","title":"\u00a1Ryanair cambia su pol\u00edtica! Descubre la nueva medida de maleta sin facturar [2026]","type":"rich","width":600,"height":338,"html":"<blockquote class=\"wp-embedded-content\" data-secret=\"CxxJYVFeGf\"><a href=\"https:\/\/dudasytextos.com\/finanzas\/otros\/medida-maleta-ryanair-sin-facturar\/\">\u00a1Ryanair cambia su pol\u00edtica! Descubre la nueva medida de maleta sin facturar<\/a><\/blockquote><iframe sandbox=\"allow-scripts\" security=\"restricted\" src=\"https:\/\/dudasytextos.com\/finanzas\/otros\/medida-maleta-ryanair-sin-facturar\/embed\/#?secret=CxxJYVFeGf\" width=\"600\" height=\"338\" title=\"\u00ab\u00a1Ryanair cambia su pol\u00edtica! Descubre la nueva medida de maleta sin facturar\u00bb \u2014 TARDECIT.COM\" data-secret=\"CxxJYVFeGf\" frameborder=\"0\" marginwidth=\"0\" marginheight=\"0\" scrolling=\"no\" class=\"wp-embedded-content\"><\/iframe><script>\n\/*! This file is auto-generated *\/\n!function(d,l){\"use strict\";l.querySelector&&d.addEventListener&&\"undefined\"!=typeof URL&&(d.wp=d.wp||{},d.wp.receiveEmbedMessage||(d.wp.receiveEmbedMessage=function(e){var t=e.data;if((t||t.secret||t.message||t.value)&&!\/[^a-zA-Z0-9]\/.test(t.secret)){for(var s,r,n,a=l.querySelectorAll('iframe[data-secret=\"'+t.secret+'\"]'),o=l.querySelectorAll('blockquote[data-secret=\"'+t.secret+'\"]'),c=new RegExp(\"^https?:$\",\"i\"),i=0;i<o.length;i++)o[i].style.display=\"none\";for(i=0;i<a.length;i++)s=a[i],e.source===s.contentWindow&&(s.removeAttribute(\"style\"),\"height\"===t.message?(1e3<(r=parseInt(t.value,10))?r=1e3:~~r<200&&(r=200),s.height=r):\"link\"===t.message&&(r=new URL(s.getAttribute(\"src\")),n=new URL(t.value),c.test(n.protocol))&&n.host===r.host&&l.activeElement===s&&(d.top.location.href=t.value))}},d.addEventListener(\"message\",d.wp.receiveEmbedMessage,!1),l.addEventListener(\"DOMContentLoaded\",function(){for(var e,t,s=l.querySelectorAll(\"iframe.wp-embedded-content\"),r=0;r<s.length;r++)(t=(e=s[r]).getAttribute(\"data-secret\"))||(t=Math.random().toString(36).substring(2,12),e.src+=\"#?secret=\"+t,e.setAttribute(\"data-secret\",t)),e.contentWindow.postMessage({message:\"ready\",secret:t},\"*\")},!1)))}(window,document);\n\/\/# sourceURL=https:\/\/dudasytextos.com\/finanzas\/wp-includes\/js\/wp-embed.min.js\n<\/script>\n","thumbnail_url":"https:\/\/dudasytextos.com\/finanzas\/wp-content\/uploads\/2023\/11\/vwd8yvxKItg.jpg","thumbnail_width":768,"thumbnail_height":432,"description":"\u27a4 \u00a1Ryanair cambia su pol\u00edtica! Descubre la nueva medida de maleta sin facturar \u261d La medida permitida para una maleta de mano en Ryanair, sin necesidad de facturarla, es de 55x40x20 cm. Es importante tener en cuenta estas dimensiones ... \u27a4"}

María García Martínez

¡Ryanair cambia su política! Descubre la nueva medida de maleta sin facturar [2026]

<blockquote class="wp-embedded-content" data-secret="CxxJYVFeGf"><a href="https://dudasytextos.com/finanzas/otros/medida-maleta-ryanair-sin-facturar/">¡Ryanair cambia su política! Descubre la nueva medida de maleta sin facturar</a></blockquote><iframe sandbox="allow-scripts" security="restricted" src="https://dudasytextos.com/finanzas/otros/medida-maleta-ryanair-sin-facturar/embed/#?secret=CxxJYVFeGf" width="600" height="338" title="«¡Ryanair cambia su política! Descubre la nueva medida de maleta sin facturar» — TARDECIT.COM" data-secret="CxxJYVFeGf" frameborder="0" marginwidth="0" marginheight="0" scrolling="no" class="wp-embedded-content"></iframe><script>
/*! This file is auto-generated */
!function(d,l){"use strict";l.querySelector&&d.addEventListener&&"undefined"!=typeof URL&&(d.wp=d.wp||{},d.wp.receiveEmbedMessage||(d.wp.receiveEmbedMessage=function(e){var t=e.data;if((t||t.secret||t.message||t.value)&&!/[^a-zA-Z0-9]/.test(t.secret)){for(var s,r,n,a=l.querySelectorAll('iframe[data-secret="'+t.secret+'"]'),o=l.querySelectorAll('blockquote[data-secret="'+t.secret+'"]'),c=new RegExp("^https?:$","i"),i=0;i<o.length;i++)o[i].style.display="none";for(i=0;i<a.length;i++)s=a[i],e.source===s.contentWindow&&(s.removeAttribute("style"),"height"===t.message?(1e3<(r=parseInt(t.value,10))?r=1e3:~~r<200&&(r=200),s.height=r):"link"===t.message&&(r=new URL(s.getAttribute("src")),n=new URL(t.value),c.test(n.protocol))&&n.host===r.host&&l.activeElement===s&&(d.top.location.href=t.value))}},d.addEventListener("message",d.wp.receiveEmbedMessage,!1),l.addEventListener("DOMContentLoaded",function(){for(var e,t,s=l.querySelectorAll("iframe.wp-embedded-content"),r=0;r<s.length;r++)(t=(e=s[r]).getAttribute("data-secret"))||(t=Math.random().toString(36).substring(2,12),e.src+="#?secret="+t,e.setAttribute("data-secret",t)),e.contentWindow.postMessage({message:"ready",secret:t},"*")},!1)))}(window,document);
//# sourceURL=https://dudasytextos.com/finanzas/wp-includes/js/wp-embed.min.js
</script>

➤ ¡Ryanair cambia su política! Descubre la nueva medida de maleta sin facturar ☝ La medida permitida para una maleta de mano en Ryanair, sin necesidad de facturarla, es de 55x40x20 cm. Es importante tener en cuenta estas dimensiones ... ➤
